f 20?
False
Does 21 divide 10723?
False
Is 152 a factor of 6260?
False
Does 22 divide 1518?
True
Is 12 a factor of 34032?
True
Is 405 a multiple of 29?
False
Is 36 a factor of 3960?
True
Is 4 a factor of 84?
True
Is 15 a factor of 570?
True
Is 18825 a multiple of 119?
False
Does 27 divide 8802?
True
Is 806 a multiple of 31?
True
Does 5 divide 665?
True
Is 6580 a multiple of 47?
True
Is 1189 even?
False
Does 133 divide 8778?
True
Does 71 divide 5893?
True
Does 162 divide 5994?
True
Is 75 a multiple of 5?
True
Does 2 divide 18?
True
Does 91 divide 46251?
False
Is 4 a factor of 4005?
False
Does 5 divide 2359?
False
Is 111 a factor of 3219?
True
Is 900 a multiple of 30?
True
Is 21 a factor of 33322?
False
Is 384 a multiple of 6?
True
Does 7 divide 11757?
False
Is 66 a factor of 1951?
False
Is 3585 a multiple of 9?
False
Is 3 a factor of 233?
False
Does 164 divide 54060?
False
Does 64 divide 1920?
True
Does 21 divide 28803?
False
Does 7 divide 2447?
False
Is 5064 a multiple of 139?
False
Is 1654 a multiple of 43?
False
Does 20 divide 1691?
False
Does 32 divide 4032?
True
Is 11 a factor of 87?
False
Does 24 divide 648?
True
Is 641 a multiple of 40?
False
Is 9675 a multiple of 45?
True
Does 61 divide 11529?
True
Is 10 a factor of 688?
False
Does 49 divide 156212?
True
Is 1184 a multiple of 52?
False
Is 1944 a multiple of 15?
False
Is 4 a factor of 123?
False
Is 23 a factor of 1189?
False
Is 772 a multiple of 53?
False
Does 2 divide 247?
False
Is 1035 a multiple of 5?
True
Does 20 divide 605?
False
Is 14305 a multiple of 23?
False
Does 19 divide 1330?
True
Is 427 a multiple of 23?
False
Is 25 a factor of 185?
False
Does 22 divide 1100?
True
Is 1190 a multiple of 20?
False
Does 43 divide 387?
True
Is 18 a factor of 26856?
True
Is 15 a factor of 707?
False
Is 137 even?
False
Is 1272 a multiple of 9?
False
Does 70 divide 630?
True
Is 33837 a multiple of 18?
False
Is 5522 a multiple of 22?
True
Is 2648 a multiple of 90?
False
Is 16 a factor of 734?
False
Is 117 a multiple of 3?
True
Is 13 a factor of 1353?
False
Does 31 divide 13725?
False
Is 36 a factor of 1656?
True
Does 98 divide 686?
True
Is 6 a factor of 4770?
True
Does 85 divide 4165?
True
Does 2 divide 3734?
True
Is 6732 a multiple of 204?
True
Is 14 a factor of 28?
True
Is 27 a factor of 2241?
True
Is 5789 a multiple of 137?
False
Does 27 divide 81?
True
Is 1328 a multiple of 8?
True
Is 5047 a multiple of 103?
True
Is 337 a multiple of 75?
False
Does 11 divide 341?
True
Is 104 a factor of 4138?
False
Is 66199 a multiple of 51?
False
Does 48 divide 18686?
False
Is 1150 a multiple of 5?
True
Does 7 divide 1981?
True
Is 59400 a multiple of 300?
True
Does 93 divide 186?
True
Is 807 a multiple of 28?
False
Does 21 divide 1823?
False
Is 435 a factor of 170520?
True
Is 4851 a multiple of 77?
True
Is 266 a multiple of 19?
True
Does 8 divide 16?
True
Is 1888 a multiple of 8?
True
Is 39732 a multiple of 42?
True
Does 24 divide 3048?
True
Does 26 divide 3482?
False
Is 1086 a multiple of 29?
False
Is 20 a factor of 11094?
False
Does 44 divide 5164?
False
Is 66 a factor of 662?
False
Is 46 a factor of 477?
False
Is 52252 a multiple of 24?
False
Is 16 a factor of 14526?
False
Is 198 a multiple of 12?
False
Is 665 a multiple of 7?
True
Is 14 a factor of 3542?
True
Is 708 a multiple of 3?
True
Is 14 a factor of 198?
False
Does 108 divide 2454?
False
Does 13 divide 223?
False
Is 84 a factor of 264?
False
Is 35 a factor of 6580?
True
Does 12 divide 72?
True
Does 7 divide 2499?
True
Does 28 divide 19545?
False
Is 308 a multiple of 22?
True
Does 3 divide 645?
True
Is 2842 a multiple of 21?
False
Is 45 a factor of 10036?
False
Does 20 divide 1621?
False
Is 1875 a multiple of 125?
True
Is 3300 a multiple of 2?
True
Does 30 divide 5130?
True
Is 16638 a multiple of 94?
True
Is 5 a factor of 2551?
False
Is 67 a factor of 5092?
True
Is 27 a multiple of 2?
False
Is 328 a multiple of 41?
True
Is 3 a factor of 989?
False
Is 15 a factor of 63855?
True
Does 31 divide 9483?
False
Is 15 a factor of 3600?
True
Does 4 divide 4108?
True
Is 16556 a multiple of 9?
False
Is 4992 a multiple of 21?
False
Does 20 divide 620?
True
Is 38 a factor of 27815?
False
Is 7 a factor of 12045?
False
Is 26 a factor of 254?
False
Is 253 a multiple of 43?
False
Is 151 a factor of 32592?
False
Is 15 a factor of 695?
False
Does 18 divide 162?
True
Is 2399 a multiple of 19?
False
Is 17225 a multiple of 53?
True
Is 12103 a multiple of 36?
False
Is 3 a factor of 119?
False
Is 28848 a multiple of 16?
True
Is 19701 a multiple of 242?
False
Is 42 a factor of 7135?
False
Is 6 a factor of 666?
True
Is 2 a factor of 19?
False
Is 7 a factor of 56?
True
Does 47 divide 1291?
False
Is 51 a factor of 811?
False
Is 11298 a multiple of 195?
False
Is 68 a factor of 6000?
False
Is 21 a factor of 7526?
False
Is 1203 a multiple of 8?
False
Is 11 a factor of 15851?
True
Does 17 divide 2209?
False
Is 14 a factor of 19348?
True
Is 197 a factor of 19700?
True
Is 121 a factor of 4840?
True
Is 71 a factor of 29536?
True
Is 379 even?
False
Is 277 a multiple of 2?
False
Is 16 a factor of 1088?
True
Is 42933 a multiple of 33?
True
Does 3 divide 1683?
True
Is 66 a factor of 9702?
True
Is 57 a factor of 16017?
True
Is 54 a factor of 3307?
False
Is 3154 a multiple of 83?
True
Is 10 a factor of 342?
False
Is 8 a factor of 978?
False
Is 4 a factor of 1698?
False
Does 28 divide 64?
False
Is 98 a factor of 1165?
False
Does 16 divide 14597?
False
Is 256 a multiple of 32?
True
Does 25 divide 387?
False
Is 840 a multiple of 20?
True
Does 16 divide 672?
True
Does 32 divide 13504?
True
Is 8 a factor of 784?
True
Is 14 a factor of 4743?
False
Is 12832 a multiple of 5?
False
Is 47 a factor of 6720?
False
Does 10 divide 700?
True
Is 282 a multiple of 23?
False
Is 113 a factor of 855?
False
Is 25 a factor of 1425?
True
Is 30 a factor of 360?
True
Is 5819 a multiple of 11?
True
Is 19 a factor of 35583?
False
Is 10 a factor of 10770?
True
Does 16 divide 4366?
False
Does 204 divide 36432?
False
Is 23100 a multiple of 44?
True
Is 4 a factor of 532?
True
Is 43 a factor of 2537?
True
Does 6 divide 1608?
True
Is 15 a factor of 7230?
True
Is 1808 a multiple of 16?
True
Does 6 divide 162?
True
Is 861 a multiple of 42?
False
Is 1652 a multiple of 7?
True
Is 10484 a multiple of 11?
False
Is 19650 a multiple of 5?
True
Is 3160 a multiple of 107?
False
Does 36 divide 974?
False
Does 21 divide 399?
True
Is 15264 a multiple of 45?
False
Is 82 a factor of 2057?
False
Is 103602 a multiple of 186?
True
Does 15 divide 75?
True
Is 14 a factor of 196?
True
Is 3 a factor of 147?
True
Is 144 a factor of 55008?
True
Is 15 a factor of 2370?
True
Is 4772 a multiple of 22?
False
Does 16 divide 9184?
True
Is 5 a factor of 15416?
False
Is 28 a factor of 502?
False
Does 11 divide 36684?
False
Is 83 a multiple of 9?
False
Is 65151 a multiple of 10?
False
Is 5598 a multiple of 18?
True
Is 17 a factor of 491?
False
Does 38 divide 4999?
False
Does 76 divide 58585?
False
Is 1521 a multiple of 9?
True
Does 71 divide 33848?
False
Is 2346 a multiple of 49?
False
Is 800 a multiple of 20?
True
Does 30 divide 240?
True
Does 25 divide 2625?
True
Does 15 divide 1020?
True
Is 98 a multiple of 20?
False
Does 15 divide 2625?
True
Does 14 divide 2632?
True
Is 1328 even?
True
Is 89 a factor of 24742?
True
Does 23 divide 368?
True
Does 26 divide 56913?
False
Does 84 divide 92232?
True
Is 34 a factor of 2124?
False
Does 10 divide 5190?
True
Is 2627 a multiple of 37?
True
Is 9 a factor of 4949?
False
Is 112 a factor of 37184?
True
Is 31 a factor of 28944?
False
Does 9 divide 774?
True
Does 11 divide 8501?
False
Does 20 divide 30463?
False
Does 25 divide 3475?
True
Is 42 a factor of 1009?
False
Is 140 a factor of 5174?
False
Does 15 divide 4047?
False
Is 12903 a multiple of 11?
True
Is 29 a factor of 5684?
True
Is 23 a factor of 11316?
True
Does 148 divide 666?
False
Does 3 divide 348?
True
Is 3 a factor of 9548?
False
Is 35 a factor of 7840?
True
Does 181 divide 13394?
True
Is 1421 a multiple of 49?
True
Is 22725 a multiple of 225?
True
Is 1127 a multiple of 49?
True
Is 80 a multiple of 3?
False
Does 146 divide 10658?
True
Does 53 divide 2168?
False
Does 94 divide 4286?
False
Is 34 a factor of 170?
True
Does 6 divide 32418?
True
Is 56 a facto